{"id":2451,"date":"2023-11-06T19:32:47","date_gmt":"2023-11-06T19:32:47","guid":{"rendered":"https:\/\/asociacionismodelaemigracionespanola.com\/?page_id=2451"},"modified":"2025-12-15T17:19:53","modified_gmt":"2025-12-15T17:19:53","slug":"otros-resultados-cientificos","status":"publish","type":"page","link":"https:\/\/asociacionismodelaemigracionespanola.com\/index.php\/otros-resultados-cientificos\/","title":{"rendered":"Otros resultados cient\u00edficos"},"content":{"rendered":"\t\t<div data-elementor-type=\"wp-page\" data-elementor-id=\"2451\" class=\"elementor elementor-2451\" data-elementor-post-type=\"page\">\n\t\t\t\t\t\t<section class=\"elementor-section elementor-top-section elementor-element elementor-element-20ae598 elementor-section-boxed elementor-section-height-default elementor-section-height-default\" data-id=\"20ae598\" data-element_type=\"section\">\n\t\t\t\t\t\t<div class=\"elementor-container elementor-column-gap-default\">\n\t\t\t\t\t<div class=\"elementor-column elementor-col-100 elementor-top-column elementor-element elementor-element-a268a01\" data-id=\"a268a01\" data-element_type=\"column\">\n\t\t\t<div class=\"elementor-widget-wrap elementor-element-populated\">\n\t\t\t\t\t\t<div class=\"elementor-element elementor-element-57d8218 elementor-widget elementor-widget-spacer\" data-id=\"57d8218\" data-element_type=\"widget\" data-widget_type=\"spacer.default\">\n\t\t\t\t<div class=\"elementor-widget-container\">\n\t\t\t<style>\/*! elementor - v3.22.0 - 26-06-2024 *\/\n.elementor-column .elementor-spacer-inner{height:var(--spacer-size)}.e-con{--container-widget-width:100%}.e-con-inner>.elementor-widget-spacer,.e-con>.elementor-widget-spacer{width:var(--container-widget-width,var(--spacer-size));--align-self:var(--container-widget-align-self,initial);--flex-shrink:0}.e-con-inner>.elementor-widget-spacer>.elementor-widget-container,.e-con>.elementor-widget-spacer>.elementor-widget-container{height:100%;width:100%}.e-con-inner>.elementor-widget-spacer>.elementor-widget-container>.elementor-spacer,.e-con>.elementor-widget-spacer>.elementor-widget-container>.elementor-spacer{height:100%}.e-con-inner>.elementor-widget-spacer>.elementor-widget-container>.elementor-spacer>.elementor-spacer-inner,.e-con>.elementor-widget-spacer>.elementor-widget-container>.elementor-spacer>.elementor-spacer-inner{height:var(--container-widget-height,var(--spacer-size))}.e-con-inner>.elementor-widget-spacer.elementor-widget-empty,.e-con>.elementor-widget-spacer.elementor-widget-empty{position:relative;min-height:22px;min-width:22px}.e-con-inner>.elementor-widget-spacer.elementor-widget-empty .elementor-widget-empty-icon,.e-con>.elementor-widget-spacer.elementor-widget-empty .elementor-widget-empty-icon{position:absolute;top:0;bottom:0;left:0;right:0;margin:auto;padding:0;width:22px;height:22px}<\/style>\t\t<div class=\"elementor-spacer\">\n\t\t\t<div class=\"elementor-spacer-inner\"><\/div>\n\t\t<\/div>\n\t\t\t\t<\/div>\n\t\t\t\t<\/div>\n\t\t\t\t\t<\/div>\n\t\t<\/div>\n\t\t\t\t\t<\/div>\n\t\t<\/section>\n\t\t\t\t<section class=\"elementor-section elementor-top-section elementor-element elementor-element-e578050 elementor-section-boxed elementor-section-height-default elementor-section-height-default\" data-id=\"e578050\" data-element_type=\"section\">\n\t\t\t\t\t\t<div class=\"elementor-container elementor-column-gap-default\">\n\t\t\t\t\t<div class=\"elementor-column elementor-col-100 elementor-top-column elementor-element elementor-element-1093db4\" data-id=\"1093db4\" data-element_type=\"column\">\n\t\t\t<div class=\"elementor-widget-wrap elementor-element-populated\">\n\t\t\t\t\t\t<div class=\"elementor-element elementor-element-a5b8d1d elementor-widget elementor-widget-heading\" data-id=\"a5b8d1d\" data-element_type=\"widget\" data-widget_type=\"heading.default\">\n\t\t\t\t<div class=\"elementor-widget-container\">\n\t\t\t<style>\/*! elementor - v3.22.0 - 26-06-2024 *\/\n.elementor-heading-title{padding:0;margin:0;line-height:1}.elementor-widget-heading .elementor-heading-title[class*=elementor-size-]>a{color:inherit;font-size:inherit;line-height:inherit}.elementor-widget-heading .elementor-heading-title.elementor-size-small{font-size:15px}.elementor-widget-heading .elementor-heading-title.elementor-size-medium{font-size:19px}.elementor-widget-heading .elementor-heading-title.elementor-size-large{font-size:29px}.elementor-widget-heading .elementor-heading-title.elementor-size-xl{font-size:39px}.elementor-widget-heading .elementor-heading-title.elementor-size-xxl{font-size:59px}<\/style><h2 class=\"elementor-heading-title elementor-size-default\">Otros resultados cient\u00edficos<\/h2>\t\t<\/div>\n\t\t\t\t<\/div>\n\t\t\t\t\t<\/div>\n\t\t<\/div>\n\t\t\t\t\t<\/div>\n\t\t<\/section>\n\t\t\t\t<section class=\"elementor-section elementor-top-section elementor-element elementor-element-19fbebc elementor-section-boxed elementor-section-height-default elementor-section-height-default\" data-id=\"19fbebc\" data-element_type=\"section\">\n\t\t\t\t\t\t<div class=\"elementor-container elementor-column-gap-default\">\n\t\t\t\t\t<div class=\"elementor-column elementor-col-100 elementor-top-column elementor-element elementor-element-a996fe2\" data-id=\"a996fe2\" data-element_type=\"column\">\n\t\t\t<div class=\"elementor-widget-wrap elementor-element-populated\">\n\t\t\t\t\t\t<div class=\"elementor-element elementor-element-2dc9580 elementor-widget elementor-widget-text-editor\" data-id=\"2dc9580\" data-element_type=\"widget\" data-widget_type=\"text-editor.default\">\n\t\t\t\t<div class=\"elementor-widget-container\">\n\t\t\t<style>\/*! elementor - v3.22.0 - 26-06-2024 *\/\n.elementor-widget-text-editor.elementor-drop-cap-view-stacked .elementor-drop-cap{background-color:#69727d;color:#fff}.elementor-widget-text-editor.elementor-drop-cap-view-framed .elementor-drop-cap{color:#69727d;border:3px solid;background-color:transparent}.elementor-widget-text-editor:not(.elementor-drop-cap-view-default) .elementor-drop-cap{margin-top:8px}.elementor-widget-text-editor:not(.elementor-drop-cap-view-default) .elementor-drop-cap-letter{width:1em;height:1em}.elementor-widget-text-editor .elementor-drop-cap{float:left;text-align:center;line-height:1;font-size:50px}.elementor-widget-text-editor .elementor-drop-cap-letter{display:inline-block}<\/style>\t\t\t\t<!-- wp:table -->\n<figure class=\"wp-block-table\">\n<table>\n<tbody>\n<tr>\n<td><img fetchpriority=\"high\" decoding=\"async\" src=\"https:\/\/asociacionismodelaemigracionespanola.com\/wp-content\/uploads\/2025\/12\/Captura.png\"  alt=\"\" width=\"208\" height=\"300\"<\/td>\n<td>\n<p>Seminario Internacional \u00abLa atracci\u00f3n del\u00a0archivo\u00bb. Memoria y desmemoria de las migraciones contempor\u00e1neas. Universidad de Alcal\u00e1, 1 de diciembre de 2025. Arsenio Dacosta. Ponencia\u00a0 en la Mesa 11: \u00abLos archivos ante el investigador\u00bb.\u201d.<\/p>\n<\/p>\n<p><strong><a href=\"https:\/\/asociacionismodelaemigracionespanola.com\/wp-content\/uploads\/2025\/12\/CARTEL-Y-PROGRAMA-SEMINARIO-LA-ATRACCION-DEL-ARCHIVO_MEMORIA-Y-DESMEMORIA-DE-LAS-MIGRACIONES-CONTEMPORANEAS.pdf\">Descarga programa<\/a>\n<\/td>\n<\/tr>\n<tr>\n<td><img decoding=\"async\" class=\"alignnone wp-image-3040 size-medium\" src=\"https:\/\/asociacionismodelaemigracionespanola.com\/wp-content\/uploads\/2025\/07\/Imagen1.jpg\" alt=\"\" width=\"208\" height=\"300\" \/><\/td>\n<td>\n<p>58\u00ba Congreso ICA. Novi Sad (Serbia). Coordinaci\u00f3n del panel \u201cLa emigraci\u00f3n espa\u00f1ola en Am\u00e9rica a partir de la d\u00e9cada de 1950: La transformaci\u00f3n de sus instituciones en las d\u00e9cadas de la asimilaci\u00f3n\u00bb. Coordinadora: Asunci\u00f3n Merino Hernando, con la participaron los siguientes ponentes: Carolina Espinoza Cartes, Asunci\u00f3n Merino Hernando, Alejandro Fern\u00e1ndez, Oscar \u00c1lvarez Gila, Isaac Mart\u00edn Nieto y Katarzyna Porada.\u201d.<\/p>\n<\/td>\n<\/tr>\n<tr>\n<td><img decoding=\"async\" class=\"alignnone wp-image-3040 size-medium\" src=\"https:\/\/asociacionismodelaemigracionespanola.com\/wp-content\/uploads\/2025\/07\/Imagen2.jpg\" alt=\"\" width=\"208\" height=\"300\" \/><\/td>\n<td>\n<p>XXI Congreso internacional de la Asociaci\u00f3n Espa\u00f1ola de Americanistas. 4 al 5 de junio de 2025. Carmona (Sevilla). Participaci\u00f3n en el panel \u201cLos trabajos de la memoria\u201d: Nuevas perspectivas en torno a las migraciones y los exilios en\/desde Am\u00e9rica Latina\u201d. Ponencia de Arsenio Dacosta titulada \u201cMigraci\u00f3n, memoria y fragmentaci\u00f3n: la perspectiva de los emigrantes espa\u00f1oles a Am\u00e9rica y sus descendientes\u201d.<\/p>\n<\/td>\n<\/tr>\n<tr>\n<td><img loading=\"lazy\" decoding=\"async\" class=\"alignnone wp-image-3040 size-medium\" src=\"https:\/\/asociacionismodelaemigracionespanola.com\/wp-content\/uploads\/2025\/04\/Paginas-desde2025-programa-Simposio-Zamora-scaled.jpg\" alt=\"\" width=\"208\" height=\"300\" \/><\/td>\n<td>\n<p>Simposio Internacional: \u201cEl asociacionismo de la emigraci\u00f3n espa\u00f1ola en Am\u00e9rica: din\u00e1micas de transformaci\u00f3n a partir de la d\u00e9cada de 1960&#8243;. Zamora, Centro Asociado de la UNED, 30 y 31 de enero de 2025. <a href=\"https:\/\/extension.uned.es\/actividad\/idactividad\/41543\">M\u00e1s informaci\u00f3n<\/a>.<\/p>\n<p><strong><a href=\"https:\/\/www.intecca.uned.es\/difusiongiccu\/extension\/6797486af03c7f258154b883\/index.html\">GRABACIONES DE LAS SESIONES<\/a><\/strong><\/p>\n<\/td>\n<\/tr>\n<tr>\n<td><img loading=\"lazy\" decoding=\"async\" class=\"alignnone wp-image-3040 size-medium\" src=\"https:\/\/asociacionismodelaemigracionespanola.com\/wp-content\/uploads\/2024\/06\/PHOTO-2024-06-06-15-20-05-208x300.jpg\" alt=\"\" width=\"208\" height=\"300\" srcset=\"https:\/\/asociacionismodelaemigracionespanola.com\/wp-content\/uploads\/2024\/06\/PHOTO-2024-06-06-15-20-05-208x300.jpg 208w, https:\/\/asociacionismodelaemigracionespanola.com\/wp-content\/uploads\/2024\/06\/PHOTO-2024-06-06-15-20-05-710x1024.jpg 710w, https:\/\/asociacionismodelaemigracionespanola.com\/wp-content\/uploads\/2024\/06\/PHOTO-2024-06-06-15-20-05-768x1107.jpg 768w, https:\/\/asociacionismodelaemigracionespanola.com\/wp-content\/uploads\/2024\/06\/PHOTO-2024-06-06-15-20-05-1066x1536.jpg 1066w, https:\/\/asociacionismodelaemigracionespanola.com\/wp-content\/uploads\/2024\/06\/PHOTO-2024-06-06-15-20-05.jpg 1110w\" sizes=\"(max-width: 208px) 100vw, 208px\" \/><\/td>\n<td>\n<p>IV Simposio sobre emigraci\u00f3n de Boal. Nuevos enfoques y perspectivas de los estudios migratorios. Boal, Asturias, 7 y 8 de junio de 2024. Coordinaci\u00f3n de Jos\u00e9 Manuel Prieto Fern\u00e1ndez del Viso. Con la participaci\u00f3n de Juan Andr\u00e9s Blanco, Rub\u00e9n S\u00e1nchez, Asunci\u00f3n Merino y Arsenio Dacosta.<\/p>\n<p><strong><a href=\"https:\/\/asociacionismodelaemigracionespanola.com\/wp-content\/uploads\/2024\/06\/Programa-IV-Simposio-sobre-emigracion-Boal.pdf\">DESCARGAR<\/a><\/strong><\/p>\n<\/td>\n<\/tr>\n<tr>\n<td><img loading=\"lazy\" decoding=\"async\" class=\"alignnone size-medium wp-image-2805\" src=\"https:\/\/asociacionismodelaemigracionespanola.com\/wp-content\/uploads\/2023\/11\/2023-Agantro-217x300.png\" alt=\"\" width=\"217\" height=\"300\" srcset=\"https:\/\/asociacionismodelaemigracionespanola.com\/wp-content\/uploads\/2023\/11\/2023-Agantro-217x300.png 217w, https:\/\/asociacionismodelaemigracionespanola.com\/wp-content\/uploads\/2023\/11\/2023-Agantro.png 441w\" sizes=\"(max-width: 217px) 100vw, 217px\" \/><\/td>\n<td>XVI Congreso Internacional de Antropolox\u00eda AGANTRO-ASAEE. 06\/09\/2023. Comunicaci\u00f3n: Procesos de identificaci\u00f3n y resiliencia en el seno de las \u201ccomunidades castellanas y leonesas en el exterior\u201d: el caso del asociacionismo migrante en Am\u00e9rica. Panelistas: Arsenio Dacosta (Universidad de Salamanca), Rub\u00e9n S\u00e1nchez y Jos\u00e9 Delgado \u00c1lvarez (UNED Zamora)<\/td>\n<\/tr>\n<tr>\n<td><img loading=\"lazy\" decoding=\"async\" class=\"alignnone size-medium wp-image-2931\" src=\"https:\/\/asociacionismodelaemigracionespanola.com\/wp-content\/uploads\/2023\/12\/SEMINAIRE-INTERNATIONAL-EMOTIONS-ET-DYNAMIQUES-SOCIALES-DANS-LES-AMERIQUES-212x300.png\" alt=\"\" width=\"212\" height=\"300\" srcset=\"https:\/\/asociacionismodelaemigracionespanola.com\/wp-content\/uploads\/2023\/12\/SEMINAIRE-INTERNATIONAL-EMOTIONS-ET-DYNAMIQUES-SOCIALES-DANS-LES-AMERIQUES-212x300.png 212w, https:\/\/asociacionismodelaemigracionespanola.com\/wp-content\/uploads\/2023\/12\/SEMINAIRE-INTERNATIONAL-EMOTIONS-ET-DYNAMIQUES-SOCIALES-DANS-LES-AMERIQUES.png 514w\" sizes=\"(max-width: 212px) 100vw, 212px\" \/><\/td>\n<td>S\u00e9minaire International \u201c\u00c9motions et dynamiques sociales dans les Am\u00e9riques\u201d. Comunicaci\u00f3n: Cuerpos ausentes, emociones patentes. Representaciones de la subjetividad femenina en las cartas de la emigraci\u00f3n transoce\u00e1nica. Panelista: Jos\u00e9 Ignacio Monteagudo Robledo (Universidade Federal da Integra\u00e7\u00e3o Latino-Americana).<br \/><br \/><a href=\"https:\/\/asociacionismodelaemigracionespanola.com\/wp-content\/uploads\/2023\/12\/SEMINAIRE-INTERNATIONAL-EMOTIONS-ET-DYNAMIQUES-SOCIALES-DANS-LES-AMERIQUES.pdf\"><strong>DESCARGA<\/strong><\/a><\/td>\n<\/tr>\n<tr>\n<td><img loading=\"lazy\" decoding=\"async\" class=\"alignnone size-medium wp-image-2805\" src=\"https:\/\/asociacionismodelaemigracionespanola.com\/wp-content\/uploads\/2024\/02\/SIEF-2023.png\" alt=\"\" width=\"217\" height=\"300\" \/><\/td>\n<td>\n<p>SIEF2023 16th Congress Living Uncertainty. Brno, Rep. Checa, 7-10, junio 2023. Panel: Heri04: Living on the edge: the political economy of borders&#8217; patrimonialization processes. Coords. Panel: Arsenio Dacosta (Universidad de Salamanca) y F\u00e1tima Amante (Universidade de Lisboa).<\/p>\n<\/td>\n<\/tr>\n<tr>\n<td><img loading=\"lazy\" decoding=\"async\" class=\"alignnone size-medium wp-image-2805\" src=\"https:\/\/asociacionismodelaemigracionespanola.com\/wp-content\/uploads\/2024\/02\/SIEF-2023.png\" alt=\"\" width=\"217\" height=\"300\" \/><\/td>\n<td>SIEF2023 16th Congress Living Uncertainty. Brno, Rep. Checa, 7-10, junio 2023. Comunicaci\u00f3n: Across the ocean (of memory): the museum discourse on contemporary European migrations to America. Ponente: Arsenio Dacosta (Universidad de Salamanca).<\/td>\n<\/tr>\n<tr>\n<td><img loading=\"lazy\" decoding=\"async\" class=\"alignnone size-medium wp-image-2807\" src=\"https:\/\/asociacionismodelaemigracionespanola.com\/wp-content\/uploads\/2023\/11\/Minatura-AIBR-Mexico-panel-copia-1-210x300.png\" alt=\"\" width=\"210\" height=\"300\" srcset=\"https:\/\/asociacionismodelaemigracionespanola.com\/wp-content\/uploads\/2023\/11\/Minatura-AIBR-Mexico-panel-copia-1-210x300.png 210w, https:\/\/asociacionismodelaemigracionespanola.com\/wp-content\/uploads\/2023\/11\/Minatura-AIBR-Mexico-panel-copia-1.png 441w\" sizes=\"(max-width: 210px) 100vw, 210px\" \/><\/td>\n<td>9\u00ba Congreso Internacional de Antropolog\u00eda AIBR M\u00e9xico 2023. 09\/08\/2023. Panel: Memoria, Patrimonio y Etnicidad. La emigraci\u00f3n europea a Am\u00e9rica desde la interdisciplinariedad. Coordinaci\u00f3n: Katarzyna Porada (UNED).<\/td>\n<\/tr>\n<tr>\n<td><img loading=\"lazy\" decoding=\"async\" class=\"alignnone size-medium wp-image-2807\" src=\"https:\/\/asociacionismodelaemigracionespanola.com\/wp-content\/uploads\/2023\/11\/Minatura-AIBR-Mexico-panel-copia-1-210x300.png\" alt=\"\" width=\"210\" height=\"300\" srcset=\"https:\/\/asociacionismodelaemigracionespanola.com\/wp-content\/uploads\/2023\/11\/Minatura-AIBR-Mexico-panel-copia-1-210x300.png 210w, https:\/\/asociacionismodelaemigracionespanola.com\/wp-content\/uploads\/2023\/11\/Minatura-AIBR-Mexico-panel-copia-1.png 441w\" sizes=\"(max-width: 210px) 100vw, 210px\" \/><\/td>\n<td>9\u00ba Congreso Internacional de Antropolog\u00eda AIBR M\u00e9xico 2023. 09\/08\/2023. Comunicaci\u00f3n: (Re)construyendo el para\u00edso perdido: relatos sobre infancia y juventud entre migrantes espa\u00f1oles a Cuba y a Argentina. Panelistas: Arsenio Dacosta y Jaime del \u00c1lamo Benmergui (Universidad de Salamanca)<\/td>\n<\/tr>\n<tr>\n<td><img loading=\"lazy\" decoding=\"async\" class=\"alignnone size-medium wp-image-2807\" src=\"https:\/\/asociacionismodelaemigracionespanola.com\/wp-content\/uploads\/2023\/11\/Minatura-AIBR-Mexico-panel-copia-1-210x300.png\" alt=\"\" width=\"210\" height=\"300\" srcset=\"https:\/\/asociacionismodelaemigracionespanola.com\/wp-content\/uploads\/2023\/11\/Minatura-AIBR-Mexico-panel-copia-1-210x300.png 210w, https:\/\/asociacionismodelaemigracionespanola.com\/wp-content\/uploads\/2023\/11\/Minatura-AIBR-Mexico-panel-copia-1.png 441w\" sizes=\"(max-width: 210px) 100vw, 210px\" \/><\/td>\n<td>9\u00ba Congreso Internacional de Antropolog\u00eda AIBR M\u00e9xico 2023. 09\/08\/2023. Comunicaci\u00f3n: La monumentalizaci\u00f3n de la ausencia: (re)presentaciones art\u00edsticas de la memoria emigrante en el paisaje de la emigraci\u00f3n a Am\u00e9rica. Ponentes: Rub\u00e9n S\u00e1nchez Dom\u00ednguez y Jos\u00e9 Delgado \u00c1lvarez (UNED Zamora)<\/td>\n<\/tr>\n<tr>\n<td><img loading=\"lazy\" decoding=\"async\" class=\"alignnone size-medium wp-image-2807\" src=\"https:\/\/asociacionismodelaemigracionespanola.com\/wp-content\/uploads\/2023\/11\/Minatura-AIBR-Mexico-panel-copia-1-210x300.png\" alt=\"\" width=\"210\" height=\"300\" srcset=\"https:\/\/asociacionismodelaemigracionespanola.com\/wp-content\/uploads\/2023\/11\/Minatura-AIBR-Mexico-panel-copia-1-210x300.png 210w, https:\/\/asociacionismodelaemigracionespanola.com\/wp-content\/uploads\/2023\/11\/Minatura-AIBR-Mexico-panel-copia-1.png 441w\" sizes=\"(max-width: 210px) 100vw, 210px\" \/><\/td>\n<td>9\u00ba Congreso Internacional de Antropolog\u00eda AIBR M\u00e9xico 2023. 09\/08\/2023. Comunicaci\u00f3n: La memoria y las instituciones de los emigrantes: \u00bfla memoria (del lugar) migrante en la instituci\u00f3n o la memoria de la instituci\u00f3n migrante? El caso espa\u00f1ol en Argentina. Ponente: Asunci\u00f3n Merino Hernando (UNED).<\/td>\n<\/tr>\n<tr>\n<td><img loading=\"lazy\" decoding=\"async\" class=\"alignnone size-medium wp-image-2807\" src=\"https:\/\/asociacionismodelaemigracionespanola.com\/wp-content\/uploads\/2023\/11\/Minatura-AIBR-Mexico-panel-copia-1-210x300.png\" alt=\"\" width=\"210\" height=\"300\" srcset=\"https:\/\/asociacionismodelaemigracionespanola.com\/wp-content\/uploads\/2023\/11\/Minatura-AIBR-Mexico-panel-copia-1-210x300.png 210w, https:\/\/asociacionismodelaemigracionespanola.com\/wp-content\/uploads\/2023\/11\/Minatura-AIBR-Mexico-panel-copia-1.png 441w\" sizes=\"(max-width: 210px) 100vw, 210px\" \/><\/td>\n<td>9\u00ba Congreso Internacional de Antropolog\u00eda AIBR M\u00e9xico 2023. 09\/08\/2023. Comunicaci\u00f3n: El testimonio audiovisual en la memoria de la inmigraci\u00f3n. Ponente: Carolina Espinoza (Universidad de Grenoble).<\/td>\n<\/tr>\n<tr>\n<td><img loading=\"lazy\" decoding=\"async\" class=\"alignnone size-medium wp-image-2807\" src=\"https:\/\/asociacionismodelaemigracionespanola.com\/wp-content\/uploads\/2023\/11\/Minatura-AIBR-Mexico-panel-copia-1-210x300.png\" alt=\"\" width=\"210\" height=\"300\" srcset=\"https:\/\/asociacionismodelaemigracionespanola.com\/wp-content\/uploads\/2023\/11\/Minatura-AIBR-Mexico-panel-copia-1-210x300.png 210w, https:\/\/asociacionismodelaemigracionespanola.com\/wp-content\/uploads\/2023\/11\/Minatura-AIBR-Mexico-panel-copia-1.png 441w\" sizes=\"(max-width: 210px) 100vw, 210px\" \/><\/td>\n<td>9\u00ba Congreso Internacional de Antropolog\u00eda AIBR M\u00e9xico 2023. 09\/08\/2023. Comunicaci\u00f3n: El \u00e1lbum fotogr\u00e1fico y la memoria colectiva del asociacionismo migrante espa\u00f1ol en Am\u00e9rica. Ponentes: Carmen L\u00f3pez San Segundo, Sara Sandon\u00eds Camarero y Francisco Javier Frutos Esteban (Universidad de Salamanca).<\/td>\n<\/tr>\n<tr>\n<td><img loading=\"lazy\" decoding=\"async\" class=\"alignnone size-medium wp-image-2807\" src=\"https:\/\/asociacionismodelaemigracionespanola.com\/wp-content\/uploads\/2024\/02\/8o-CONGRESO-INTERNACIONAL-DE-ANTROPOLOGIA.png\" alt=\"\" width=\"210\" height=\"300\" \/><\/td>\n<td>8\u00ba Congreso Internacional de Antropolog\u00eda AIBR Salamanca 2022. 12-15\/07\/2022. Panel: Migraci\u00f3n, mujer y memoria entre Espa\u00f1a y Am\u00e9rica. Coordinaci\u00f3n: Asunci\u00f3n Merino (UNED).<\/td>\n<\/tr>\n<tr>\n<td><img loading=\"lazy\" decoding=\"async\" class=\"alignnone size-medium wp-image-2807\" src=\"https:\/\/asociacionismodelaemigracionespanola.com\/wp-content\/uploads\/2024\/02\/8o-CONGRESO-INTERNACIONAL-DE-ANTROPOLOGIA.png\" alt=\"\" width=\"210\" height=\"300\" \/><\/td>\n<td>8\u00ba Congreso Internacional de Antropolog\u00eda AIBR Salamanca 2022. 12-15\/07\/2022. Comunicaci\u00f3n: Las mujeres y su liderazgo en las asociaciones de los migrantes; el caso de las asociaciones castellanas y canarias en Buenos Aires. Ponente: Asunci\u00f3n Merino (UNED).<\/td>\n<\/tr>\n<tr>\n<td><img loading=\"lazy\" decoding=\"async\" class=\"alignnone size-medium wp-image-2807\" src=\"https:\/\/asociacionismodelaemigracionespanola.com\/wp-content\/uploads\/2024\/02\/8o-CONGRESO-INTERNACIONAL-DE-ANTROPOLOGIA.png\" alt=\"\" width=\"210\" height=\"300\" \/><\/td>\n<td>8\u00ba Congreso Internacional de Antropolog\u00eda AIBR Salamanca 2022. 12-15\/07\/2022. Comunicaci\u00f3n: Guardianas de la memoria: el papel de las mujeres en la custodia y transmisi\u00f3n de la memoria colectiva en el seno de asociacionismo migrante espa\u00f1ol en Am\u00e9rica. Ponentes: Arsenio Dacosta (USAL) y Jos\u00e9 Delgado (UNED Zamora).<\/td>\n<\/tr>\n<tr>\n<td><img loading=\"lazy\" decoding=\"async\" class=\"alignnone size-medium wp-image-2807\" src=\"https:\/\/asociacionismodelaemigracionespanola.com\/wp-content\/uploads\/2024\/02\/8o-CONGRESO-INTERNACIONAL-DE-ANTROPOLOGIA.png\" alt=\"\" width=\"210\" height=\"300\" \/><\/td>\n<td>8\u00ba Congreso Internacional de Antropolog\u00eda AIBR Salamanca 2022. 12-15\/07\/2022. Comunicaci\u00f3n: Comunidad polaca en Argentina. Renegociando los v\u00ednculos con el pa\u00eds de origen. Ponente: Katarzyna Porada (UNED).<\/td>\n<\/tr>\n<tr>\n<td><img loading=\"lazy\" decoding=\"async\" class=\"alignnone size-medium wp-image-2807\" src=\"https:\/\/asociacionismodelaemigracionespanola.com\/wp-content\/uploads\/2024\/02\/8o-CONGRESO-INTERNACIONAL-DE-ANTROPOLOGIA.png\" alt=\"\" width=\"210\" height=\"300\" \/><\/td>\n<td>8\u00ba Congreso Internacional de Antropolog\u00eda AIBR Salamanca 2022. 12-15\/07\/2022. Comunicaci\u00f3n: Madres, esposas, hijas: fotograf\u00eda y re-presentaci\u00f3n de las mujeres en las asociaciones de emigrantes espa\u00f1oles en Am\u00e9rica. Ponente: Rub\u00e9n S\u00e1nchez (UNED Zamora).<\/td>\n<\/tr>\n<\/tbody>\n<\/table>\n<\/figure>\n<ul>\n<li style=\"list-style-type: none;\">\u00a0<\/li>\n<\/ul>\n<!-- \/wp:list-item --><!-- \/wp:list -->\t\t\t\t\t\t<\/div>\n\t\t\t\t<\/div>\n\t\t\t\t\t<\/div>\n\t\t<\/div>\n\t\t\t\t\t<\/div>\n\t\t<\/section>\n\t\t\t\t<\/div>\n\t\t","protected":false},"excerpt":{"rendered":"<p>Otros resultados cient\u00edficos<\/p>\n","protected":false},"author":4,"featured_media":0,"parent":0,"menu_order":0,"comment_status":"closed","ping_status":"closed","template":"","meta":{"footnotes":""},"_links":{"self":[{"href":"https:\/\/asociacionismodelaemigracionespanola.com\/index.php\/wp-json\/wp\/v2\/pages\/2451"}],"collection":[{"href":"https:\/\/asociacionismodelaemigracionespanola.com\/index.php\/wp-json\/wp\/v2\/pages"}],"about":[{"href":"https:\/\/asociacionismodelaemigracionespanola.com\/index.php\/wp-json\/wp\/v2\/types\/page"}],"author":[{"embeddable":true,"href":"https:\/\/asociacionismodelaemigracionespanola.com\/index.php\/wp-json\/wp\/v2\/users\/4"}],"replies":[{"embeddable":true,"href":"https:\/\/asociacionismodelaemigracionespanola.com\/index.php\/wp-json\/wp\/v2\/comments?post=2451"}],"version-history":[{"count":61,"href":"https:\/\/asociacionismodelaemigracionespanola.com\/index.php\/wp-json\/wp\/v2\/pages\/2451\/revisions"}],"predecessor-version":[{"id":3342,"href":"https:\/\/asociacionismodelaemigracionespanola.com\/index.php\/wp-json\/wp\/v2\/pages\/2451\/revisions\/3342"}],"wp:attachment":[{"href":"https:\/\/asociacionismodelaemigracionespanola.com\/index.php\/wp-json\/wp\/v2\/media?parent=2451"}],"curies":[{"name":"wp","href":"https:\/\/api.w.org\/{rel}","templated":true}]}}